Suppose 5*b - 17135 = 10668 - 368. What is the highest common factor of 531 and b?
177
Let x(d) = -5*d + 17*d - 9 + 5*d + 7*d. Let w be x(11). Suppose 0 = i - g - 113, 3*i = -2*g + 69 + w. What is the highest common divisor of 10 and i?
10
Let y = 8 - 6. Let t be y/(-8) - (-116)/16. Suppose -323*g = -331*g + 56. Calculate the greatest common divisor of t and g.
7
Let z(s) = -33*s + 332. Let r be z(10). Let b be 156/(-351) - (r - (-211)/(-9)). Calculate the greatest common divisor of 21 and b.
21
Let h be -13 + 380/30 - 8/(-6) - -18134. Calculate the highest common factor of 558 and h.
279
Let a = 35 - 0. Suppose 0 = 3*c - 9, -2*c + 1 = -4*k + 15. Suppose -t + k = -9. Calculate the highest common factor of a and t.
7
Suppose 16 = -4*i, -229*q + 5*i = -232*q + 2365. What is the highest common factor of q and 135?
15
Let r(t) be the third derivative of 5*t**4/3 + 16*t**3/3 + 234*t**2. Let q be r(2). What is the highest common divisor of 28 and q?
28
Let o be (21 + (-232)/(-24))*243/2. Calculate the greatest common factor of 115 and o.
23
Let d be (128 + 31)*(-26)/(-2). Let g be (27/3 - 10)/((-3)/d). What is the highest common divisor of 13 and g?
13
Let m be -21*(-29 - -29 - 14/6). Calculate the highest common factor of 469 and m.
7
Suppose 2*u - 181 = -5*p - 892, 3*p + 3*u + 423 = 0. Let q = p - -175. Calculate the greatest common factor of 24 and q.
8
Let f(a) = a**2 + 121*a + 469. Let y be f(-118). What is the highest common factor of 3657 and y?
23
Let f = 2203 - 1987. Calculate the greatest common factor of f and 32.
8
Suppose -68 = -3*c + v - 5*v, 0 = -3*c + 3*v + 54. Let s = 28 - c. Let i be (s/(-6))/(69/(-9) - -7). What is the highest common divisor of 22 and i?
2
Let t = 1505 - 1375. Calculate the greatest common factor of t and 70.
10
Suppose 14*q + 2*a + 72 = 16*q, 0 = -5*q + 13*a + 268. Suppose 0 = 4*o - 2*r - 2*r - 156, -3*o = 3*r - 123. What is the highest common divisor of q and o?
5
Suppose -5*t = 0, -196*t = j - 198*t - 209. Let x be (-28)/(-98) - 138/(-7) - 1. What is the greatest common divisor of x and j?
19
Let y be 72/(-8) - (-13 - 1704). What is the greatest common factor of 28 and y?
28
Let x be (-137 - -7)/(-2 - 0). Let n(a) = -37 + 68*a + 7 - 64*a. Let m be n(14). What is the greatest common factor of x and m?
13
Suppose 5*l + 1 = -w - 35, 4*w + 4 = 0. Let t(v) = 14*v**2 + 10*v + 24. Let b be t(l). What is the highest common factor of 40 and b?
40
Suppose 2*t = -10*t + 2052. Let g be 4/8 - (-334)/4. Let i = 93 - g. What is the greatest common divisor of i and t?
9
Let a = -8878 - -10041. Calculate the highest common factor of a and 2.
1
Let b be (-70)/6 - (-1)/(-3). Let y be b/30 + (-194)/(-10). Let h be ((-19)/5)/(108/594*3/(-30)). What is the greatest common divisor of h and y?
19
Let o be (-11)/((-88)/(-16))*(-476 - 0). Calculate the highest common divisor of o and 280.
56
Let s = -14085 + 14127. What is the highest common divisor of s and 4494?
42
Let f(s) = s**3 + 18*s**2 + 11*s - 38. Let n be f(-17). Let c = 169 - n. Calculate the greatest common factor of 21 and c.
21
Suppose 3*j - 1560 = 97*x - 102*x, j - 5*x = 480. What is the highest common factor of j and 550?
10
Suppose -2*r = r - 48. Suppose -36 = -4*k + r. Let j(l) = -l**2 - 14*l + 2. Let t be j(-12). Calculate the highest common divisor of k and t.
13
Let w = 4528 + -4452. Let d be (-945)/(-25) - (-1)/5. Calculate the highest common divisor of d and w.
38
Let w(p) = 4*p**3 - 34*p + 84. Let f be w(3). What is the greatest common divisor of f and 2610?
90
Let i be (-5 - 226143/(-21)) + (-100)/140. What is the greatest common divisor of 1374 and i?
229
Let f(k) = 9*k**2 - 27*k - 128. Let c be f(-8). Calculate the greatest common factor of c and 24.
8
Suppose 16 = -16*m + 24*m. Suppose 747 = 3*k + 9*h - 8*h, -m*h - 756 = -3*k. What is the greatest common divisor of k and 25?
25
Let r = -14092 - -9010. Let w be (1/(-3) - -1)/((-77)/r). What is the highest common factor of 308 and w?
44
Let r(f) = f**3 - f**2 + f + 96. Let g be r(0). Let m = 103 - g. Let i be (1149/(-4))/(-3) + m/28. Calculate the greatest common divisor of i and 12.
12
Let l = 17731 - 17599. Calculate the greatest common divisor of l and 612.
12
Let r be 159432/18 - 6*2/(-18). Calculate the greatest common factor of r and 824.
206
Suppose 303*t - 864*t + 870111 = 0. What is the greatest common divisor of 2679 and t?
141
Suppose -v - 2*v = -6. Suppose 8 = 3*b + 23, v*g + 3*b = 51. Let y be (88/(-10))/(8/(-20)). Calculate the highest common factor of y and g.
11
Let s = 96 + 232. Calculate the greatest common factor of s and 1189.
41
Suppose 20*l = 5*l. Let h be l + (9/1 - -99). Calculate the greatest common factor of h and 144.
36
Let a(j) = j**3 - 10*j**2 + 22*j + 38. Let c be a(12). Suppose y = -3*u + c, 4*y - u - 1458 = 837. What is the greatest common factor of y and 23?
23
Let x be ((-16)/6)/((-2)/339). Let m be 3/(-3)*(-361 - 24 - -46). Calculate the highest common divisor of x and m.
113
Let w(a) = 3*a - 1. Let h be w(4). Let k = h + -11. Suppose o + k = q - 24, 5*q - 114 = 3*o. Calculate the greatest common divisor of 21 and q.
21
Let c = -45577 - -73939. Calculate the greatest common factor of 174 and c.
174
Let b(t) = -5*t - 210. Let w be b(-30). Let d be (-2)/(8/w - 1/5). What is the highest common divisor of d and 51?
3
Suppose 101 + 135 = -4*d. Let l be (-6)/(d/(-19) - 3). Let j = 107 + l. Calculate the greatest common divisor of j and 10.
10
Let i = -694 - -698. Let x be (1 + -4 + (4 - i))*-1. Suppose -u - 27 = -2*u. What is the greatest common factor of x and u?
3
Let l be (-1)/(-1 + (-177)/(-178)). Let j = l + -168. What is the greatest common divisor of j and 170?
10
Let z(l) = -3*l + 32. Let q be z(-2). Let j(o) = -o + 53. Let r be j(q). Calculate the greatest common factor of r and 40.
5
Let j(d) = d**3 - d**2 - d - 3. Let t be j(4). Let w(l) = -l**3 - 66*l**2 - 295*l + 1266. Let s be w(-61). What is the greatest common divisor of s and t?
41
Let f be (((-48)/(-264))/((-8)/(-22)))/(20/6280). Calculate the greatest common divisor of 2983 and f.
157
Let k(h) = 2136*h**2 - 66*h. Let f be k(1). What is the greatest common divisor of f and 720?
90
Suppose -14*z + 2000 = -492. Let s = -33 + z. What is the highest common divisor of s and 58?
29
Let q be 0*((-3)/2 - (-14)/8). Suppose -8*f + 1898 - 554 = q. What is the highest common factor of 48 and f?
24
Let p(y) = -80*y**2 - 909*y - 34. Let t be p(-11). What is the greatest common divisor of 810 and t?
15
Let p be ((-10)/3)/(-5) + 8/6. Suppose p*j = -4*j. Suppose -290 = -j*i - 5*i. What is the highest common divisor of 29 and i?
29
Suppose 0 = -p + 3*b + 93, b + 17 = 25. Calculate the highest common factor of 102 and p.
3
Suppose 5*d - 2144 = -44. Let h(b) = 15*b**2 + 1314*b + 903. Let k be h(-87). What is the highest common factor of k and d?
60
Suppose -4*w + 2*m + 836 = 0, 3*w - 26*m = -25*m + 631. Calculate the greatest common factor of w and 2556.
213
Let b be (3 - (-15)/(-5))/3. Suppose -3*d - q - 115 = b, -3*q + 75 = -2*d - 4*q. Let r = 43 + d. What is the highest common factor of r and 6?
3
Let l = -987 - -1412. Calculate the greatest common factor of 765 and l.
85
Let f = 40 - 27. Let a = 38441 - 37674. Calculate the highest common divisor of a and f.
13
Suppose -5*w + g + 2644 = 0, 4*w - 13*g = -16*g + 2100. Calculate the highest common factor of 168 and w.
24
Suppose 9 + 120 = h - 7*y, 4*y - 362 = -3*h. What is the greatest common divisor of 1159 and h?
61
Suppose 7*y = 321 - 69. Let a = -49 + 87. Suppose -4*l = -322 - a. Calculate the highest common factor of l and y.
18
Suppose 0 = p - 0*p + 2*f - 30, 0 = p + 4*f - 26. Let s(q) = 12*q**3 + q**2 + 2*q - 2. Let g be s(2). What is the greatest common divisor of p and g?
34
Let r be (18/4)/(3/(-102)). Let o = 285 + r. Calculate the greatest common divisor of o and 44.
44
Suppose -4*k + 2*k + 46 = 0. Suppose 75*d - 114*d + 897 = 0. What is the highest common factor of d and k?
23
Let w(u) = -13*u - 7 - 14*u**2 - 12 - 4 + u**3. Let t = -269 - -284. Let k be w(t). Calculate the highest common divisor of 56 and k.
7
Let w = 531 + -526. Suppose -2*j + 4485 = 5*f, 2*f + w*j - 2081 + 287 = 0. What is the highest common factor of 39 and f?
39
Let b be (5 - -893) + 0 + 19. Calc